{"id":8436,"date":"2025-01-26T10:46:55","date_gmt":"2025-01-26T09:46:55","guid":{"rendered":"https:\/\/fontaine-chamonix.com\/vallee-blanche-e-sci-alpinismo\/"},"modified":"2026-01-08T16:03:53","modified_gmt":"2026-01-08T15:03:53","slug":"vallee-blanche-e-sci-alpinismo","status":"publish","type":"page","link":"https:\/\/fontaine-chamonix.com\/it\/vallee-blanche-e-sci-alpinismo\/","title":{"rendered":"Vall\u00e9e Blanche e sci alpinismo"},"content":{"rendered":"\t\t<div data-elementor-type=\"wp-page\" data-elementor-id=\"8436\" class=\"elementor elementor-8436 elementor-7490\" data-elementor-post-type=\"page\">\n\t\t\t\t<div data-dce-background-image-url=\"https:\/\/fontaine-chamonix.com\/wp-content\/uploads\/2025\/07\/krzysztof-kowalik-71zTrrkOjas-unsplash-1-scaled.jpg\" class=\"elementor-element elementor-element-3d6f48cb e-con-full e-flex e-con e-parent\" data-id=\"3d6f48cb\" data-element_type=\"container\" data-e-type=\"container\" data-settings=\"{&quot;background_background&quot;:&quot;classic&quot;,&quot;jet_parallax_layout_list&quot;:[]}\">\n\t\t\t\t<div data-dce-title-color=\"#FFFFFF\" class=\"elementor-element elementor-element-11a549e6 elementor-widget elementor-widget-heading\" data-id=\"11a549e6\" data-element_type=\"widget\" data-e-type=\"widget\" data-widget_type=\"heading.default\">\n\t\t\t\t\t<h1 class=\"elementor-heading-title elementor-size-default\">Vall\u00e9e Blanche e sci alpinismo<\/h1>\t\t\t\t<\/div>\n\t\t\t\t<\/div>\n\t\t<div class=\"elementor-element elementor-element-78f3eeb5 e-con-full e-flex e-con e-parent\" data-id=\"78f3eeb5\" data-element_type=\"container\" data-e-type=\"container\" data-settings=\"{&quot;jet_parallax_layout_list&quot;:[]}\">\n\t\t\t\t<div class=\"elementor-element elementor-element-48979faf elementor-widget elementor-widget-shortcode\" data-id=\"48979faf\" data-element_type=\"widget\" data-e-type=\"widget\" data-widget_type=\"shortcode.default\">\n\t\t\t\t\t\t\t<div class=\"elementor-shortcode\"><nav aria-label=\"breadcrumbs\" class=\"rank-math-breadcrumb\"><p><span class=\"last\">Accueil<\/span><\/p><\/nav><\/div>\n\t\t\t\t\t\t<\/div>\n\t\t\t\t<\/div>\n\t\t<div class=\"elementor-element elementor-element-21227d24 e-con-full e-flex e-con e-parent\" data-id=\"21227d24\" data-element_type=\"container\" data-e-type=\"container\" data-settings=\"{&quot;jet_parallax_layout_list&quot;:[]}\">\n\t\t<div class=\"elementor-element elementor-element-185b77a1 e-con-full e-flex e-con e-child\" data-id=\"185b77a1\" data-element_type=\"container\" data-e-type=\"container\" data-settings=\"{&quot;background_background&quot;:&quot;classic&quot;,&quot;jet_parallax_layout_list&quot;:[]}\">\n\t\t\t\t<div data-dce-title-color=\"#212028\" class=\"elementor-element elementor-element-4f020659 elementor-widget elementor-widget-heading\" data-id=\"4f020659\" data-element_type=\"widget\" data-e-type=\"widget\" data-widget_type=\"heading.default\">\n\t\t\t\t\t<h2 class=\"elementor-heading-title elementor-size-default\">Sci alpinismo e Vall\u00e9e Blanche<\/h2>\t\t\t\t<\/div>\n\t\t\t\t<div class=\"elementor-element elementor-element-6c2c6eb7 elementor-widget elementor-widget-text-editor\" data-id=\"6c2c6eb7\" data-element_type=\"widget\" data-e-type=\"widget\" data-widget_type=\"text-editor.default\">\n\t\t\t\t\t\t\t\t\t<p>La Valle di Chamonix-Mont-Blanc \u00e8 una tappa obbligata per gli appassionati di sci fuori pista, con numerose opportunit\u00e0 per lo sci alpinismo e il freeride.<br \/>Nella valle sono disponibili percorsi segnalati, in particolare nelle aree di Les Houches, Grands-Montets e Balme. Per un&#8217;esperienza in totale sicurezza, affidatevi a una guida alpina che vi condurr\u00e0 alla scoperta delle numerose combes e couloirs che questa zona eccezionale ha da offrire.<\/p>\n<p>Godetevi l&#8217;esperienza unica dello sci d&#8217;alta montagna esplorando la Vall\u00e9e Blanche! Accessibile tramite la funivia dell&#8217;Aiguille du Midi (3842 m), questo percorso sul ghiacciaio \u00e8 uno dei pi\u00f9 spettacolari al mondo. Molto frequentato in primavera, \u00e8 comunque un&#8217;avventura impegnativa ad alta quota. Una guida professionista e l&#8217;attrezzatura giusta sono indispensabili per godere al meglio di questa leggendaria escursione.<\/p>\n\t\t\t\t\t\t\t\t<\/div>\n\t\t<div class=\"elementor-element elementor-element-4ff93e18 e-con-full e-flex e-con e-child\" data-id=\"4ff93e18\" data-element_type=\"container\" data-e-type=\"container\" data-settings=\"{&quot;jet_parallax_layout_list&quot;:[]}\">\n\t\t<div class=\"elementor-element elementor-element-32d190d e-con-full e-flex e-con e-child\" data-id=\"32d190d\" data-element_type=\"container\" data-e-type=\"container\" data-settings=\"{&quot;jet_parallax_layout_list&quot;:[]}\">\n\t\t\t\t<div data-dce-title-color=\"#000000\" class=\"elementor-element elementor-element-20ac526f elementor-widget elementor-widget-heading\" data-id=\"20ac526f\" data-element_type=\"widget\" data-e-type=\"widget\" data-widget_type=\"heading.default\">\n\t\t\t\t\t<h2 class=\"elementor-heading-title elementor-size-default\">Informazioni sulla sicurezza<\/h2>\t\t\t\t<\/div>\n\t\t\t\t<div class=\"elementor-element elementor-element-1ca6568 elementor-widget elementor-widget-text-editor\" data-id=\"1ca6568\" data-element_type=\"widget\" data-e-type=\"widget\" data-widget_type=\"text-editor.default\">\n\t\t\t\t\t\t\t\t\t<p>La Vall\u00e9e Blanche \u00e8 un percorso di alta montagna su un terreno glaciale costellato di crepacci, seracchi e ponti di neve di varia forza. Questo tipo di percorso richiede una solida conoscenza dell&#8217;ambiente montano o, in mancanza, la supervisione di una guida esperta.<\/p>\n<p>Per la propria sicurezza, \u00e8 indispensabile avere l&#8217;attrezzatura giusta: un apparecchio di ricerca in valanga (ARVA), una pala, una sonda, un&#8217;imbracatura, i ramponi (particolarmente utili per la cresta)&#8230; E soprattutto, mai partire da soli!<\/p>\n\t\t\t\t\t\t\t\t<\/div>\n\t\t\t\t<div class=\"elementor-element elementor-element-519598c5 elementor-widget elementor-widget-button\" data-id=\"519598c5\" data-element_type=\"widget\" data-e-type=\"widget\" data-widget_type=\"button.default\">\n\t\t\t\t\t\t\t\t\t\t<a class=\"elementor-button elementor-button-link elementor-size-sm\" href=\"https:\/\/www.chamoniarde.com\/vos-activites\/vallee-blanche\" target=\"_blank\" rel=\"noopener\">\n\t\t\t\t\t\t<span class=\"elementor-button-content-wrapper\">\n\t\t\t\t\t\t\t\t\t<span class=\"elementor-button-text\">Per saperne di pi\u00f9<\/span>\n\t\t\t\t\t<\/span>\n\t\t\t\t\t<\/a>\n\t\t\t\t\t\t\t\t<\/div>\n\t\t\t\t<\/div>\n\t\t<div class=\"elementor-element elementor-element-5738e2f3 e-con-full e-flex e-con e-child\" data-id=\"5738e2f3\" data-element_type=\"container\" data-e-type=\"container\" data-settings=\"{&quot;background_background&quot;:&quot;slideshow&quot;,&quot;background_slideshow_gallery&quot;:[{&quot;id&quot;:2776,&quot;url&quot;:&quot;https:\\\/\\\/fontaine-chamonix.com\\\/wp-content\\\/uploads\\\/2020\\\/11\\\/aiguille-du-midi.jpg&quot;}],&quot;background_slideshow_slide_duration&quot;:2000,&quot;jet_parallax_layout_list&quot;:[],&quot;background_slideshow_loop&quot;:&quot;yes&quot;,&quot;background_slideshow_slide_transition&quot;:&quot;fade&quot;,&quot;background_slideshow_transition_duration&quot;:500}\">\n\t\t\t\t<\/div>\n\t\t\t\t<\/div>\n\t\t<div class=\"elementor-element elementor-element-1c91245 e-con-full e-flex e-con e-child\" data-id=\"1c91245\" data-element_type=\"container\" data-e-type=\"container\" data-settings=\"{&quot;jet_parallax_layout_list&quot;:[]}\">\n\t\t<div class=\"elementor-element elementor-element-0d8f439 e-con-full e-flex e-con e-child\" data-id=\"0d8f439\" data-element_type=\"container\" data-e-type=\"container\" data-settings=\"{&quot;background_background&quot;:&quot;slideshow&quot;,&quot;background_slideshow_gallery&quot;:[{&quot;id&quot;:9794,&quot;url&quot;:&quot;https:\\\/\\\/fontaine-chamonix.com\\\/wp-content\\\/uploads\\\/2025\\\/07\\\/krzysztof-kowalik-71zTrrkOjas-unsplash-1-scaled.jpg&quot;}],&quot;background_slideshow_slide_duration&quot;:2000,&quot;jet_parallax_layout_list&quot;:[],&quot;background_slideshow_loop&quot;:&quot;yes&quot;,&quot;background_slideshow_slide_transition&quot;:&quot;fade&quot;,&quot;background_slideshow_transition_duration&quot;:500}\">\n\t\t\t\t<\/div>\n\t\t<div class=\"elementor-element elementor-element-8c1f1b3 e-con-full e-flex e-con e-child\" data-id=\"8c1f1b3\" data-element_type=\"container\" data-e-type=\"container\" data-settings=\"{&quot;jet_parallax_layout_list&quot;:[]}\">\n\t\t\t\t<div data-dce-title-color=\"#000000\" class=\"elementor-element elementor-element-9ac4323 elementor-widget elementor-widget-heading\" data-id=\"9ac4323\" data-element_type=\"widget\" data-e-type=\"widget\" data-widget_type=\"heading.default\">\n\t\t\t\t\t<h2 class=\"elementor-heading-title elementor-size-default\">Prenotazione<\/h2>\t\t\t\t<\/div>\n\t\t\t\t<div class=\"elementor-element elementor-element-e5842be elementor-widget elementor-widget-text-editor\" data-id=\"e5842be\" data-element_type=\"widget\" data-e-type=\"widget\" data-widget_type=\"text-editor.default\">\n\t\t\t\t\t\t\t\t\t<p>Prenotate la vostra Vall\u00e9e Blanche e le vostre uscite di sci alpinismo con la supervisione di un professionista della montagna presso il nostro ufficio prenotazioni centrale!<\/p>\n\t\t\t\t\t\t\t\t<\/div>\n\t\t\t\t<div class=\"elementor-element elementor-element-21d052b elementor-widget elementor-widget-button\" data-id=\"21d052b\" data-element_type=\"widget\" data-e-type=\"widget\" data-widget_type=\"button.default\">\n\t\t\t\t\t\t\t\t\t\t<a class=\"elementor-button elementor-button-link elementor-size-sm\" href=\"https:\/\/booking.chamonix.com\/serpActivity?type=new_act&#038;lang=fr_FR&#038;s_st=base_price&#038;ref_c.thematique_activity=skiing\" target=\"_blank\" rel=\"noopener\">\n\t\t\t\t\t\t<span class=\"elementor-button-content-wrapper\">\n\t\t\t\t\t\t\t\t\t<span class=\"elementor-button-text\">Prenota online<\/span>\n\t\t\t\t\t<\/span>\n\t\t\t\t\t<\/a>\n\t\t\t\t\t\t\t\t<\/div>\n\t\t\t\t<\/div>\n\t\t\t\t<\/div>\n\t\t\t\t<div class=\"elementor-element elementor-element-a4c7078 elementor-widget elementor-widget-spacer\" data-id=\"a4c7078\" data-element_type=\"widget\" data-e-type=\"widget\" data-widget_type=\"spacer.default\">\n\t\t\t\t\t\t\t<div class=\"elementor-spacer\">\n\t\t\t<div class=\"elementor-spacer-inner\"><\/div>\n\t\t<\/div>\n\t\t\t\t\t\t<\/div>\n\t\t\t\t<div class=\"elementor-element elementor-element-beca0fe dce_masking-none elementor-widget elementor-widget-video\" data-id=\"beca0fe\" data-element_type=\"widget\" data-e-type=\"widget\" data-settings=\"{&quot;youtube_url&quot;:&quot;https:\\\/\\\/youtu.be\\\/BONv_3ggjhA&quot;,&quot;video_type&quot;:&quot;youtube&quot;,&quot;controls&quot;:&quot;yes&quot;}\" data-widget_type=\"video.default\">\n\t\t\t\t\t\t\t<div class=\"elementor-wrapper elementor-open-inline\">\n\t\t\t<div class=\"elementor-video\"><\/div>\t\t<\/div>\n\t\t\t\t\t\t<\/div>\n\t\t\t\t<div class=\"elementor-element elementor-element-16270ff7 elementor-widget elementor-widget-spacer\" data-id=\"16270ff7\" data-element_type=\"widget\" data-e-type=\"widget\" data-widget_type=\"spacer.default\">\n\t\t\t\t\t\t\t<div class=\"elementor-spacer\">\n\t\t\t<div class=\"elementor-spacer-inner\"><\/div>\n\t\t<\/div>\n\t\t\t\t\t\t<\/div>\n\t\t\t\t<\/div>\n\t\t\t\t<\/div>\n\t\t<div class=\"elementor-element elementor-element-1aed9cf1 e-con-full e-flex e-con e-parent\" data-id=\"1aed9cf1\" data-element_type=\"container\" data-e-type=\"container\" data-settings=\"{&quot;jet_parallax_layout_list&quot;:[]}\">\n\t\t\t\t<div class=\"elementor-element elementor-element-1bf32125 elementor-widget elementor-widget-shortcode\" data-id=\"1bf32125\" data-element_type=\"widget\" data-e-type=\"widget\" data-widget_type=\"shortcode.default\">\n\t\t\t\t\t\t\t<div class=\"elementor-shortcode\"><nav aria-label=\"breadcrumbs\" class=\"rank-math-breadcrumb\"><p><span class=\"last\">Accueil<\/span><\/p><\/nav><\/div>\n\t\t\t\t\t\t<\/div>\n\t\t\t\t<\/div>\n\t\t\t\t<\/div>\n\t\t","protected":false},"excerpt":{"rendered":"<p>Vall\u00e9e Blanche e sci alpinismo Sci alpinismo e Vall\u00e9e Blanche La Valle di Chamonix-Mont-Blanc \u00e8 una tappa obbligata per gli appassionati di sci fuori pista, con numerose opportunit\u00e0 per lo sci alpinismo e il freeride.Nella valle sono disponibili percorsi segnalati, in particolare nelle aree di Les Houches, Grands-Montets e Balme. Per un&#8217;esperienza in totale sicurezza, [&hellip;]<\/p>\n","protected":false},"author":4,"featured_media":9794,"parent":0,"menu_order":0,"comment_status":"closed","ping_status":"closed","template":"elementor_header_footer","meta":{"footnotes":""},"class_list":["post-8436","page","type-page","status-publish","has-post-thumbnail","hentry"],"jetpack_sharing_enabled":true,"_links":{"self":[{"href":"https:\/\/fontaine-chamonix.com\/it\/wp-json\/wp\/v2\/pages\/8436","targetHints":{"allow":["GET"]}}],"collection":[{"href":"https:\/\/fontaine-chamonix.com\/it\/wp-json\/wp\/v2\/pages"}],"about":[{"href":"https:\/\/fontaine-chamonix.com\/it\/wp-json\/wp\/v2\/types\/page"}],"author":[{"embeddable":true,"href":"https:\/\/fontaine-chamonix.com\/it\/wp-json\/wp\/v2\/users\/4"}],"replies":[{"embeddable":true,"href":"https:\/\/fontaine-chamonix.com\/it\/wp-json\/wp\/v2\/comments?post=8436"}],"version-history":[{"count":7,"href":"https:\/\/fontaine-chamonix.com\/it\/wp-json\/wp\/v2\/pages\/8436\/revisions"}],"predecessor-version":[{"id":11434,"href":"https:\/\/fontaine-chamonix.com\/it\/wp-json\/wp\/v2\/pages\/8436\/revisions\/11434"}],"wp:featuredmedia":[{"embeddable":true,"href":"https:\/\/fontaine-chamonix.com\/it\/wp-json\/wp\/v2\/media\/9794"}],"wp:attachment":[{"href":"https:\/\/fontaine-chamonix.com\/it\/wp-json\/wp\/v2\/media?parent=8436"}],"curies":[{"name":"wp","href":"https:\/\/api.w.org\/{rel}","templated":true}]}}

Vallée Blanche e sci alpinismo

<div data-elementor-type="wp-page" data-elementor-id="8436" class="elementor elementor-8436 elementor-7490" data-elementor-post-type="page">
				<div data-dce-background-image-url="https://fontaine-chamonix.com/wp-content/uploads/2025/07/krzysztof-kowalik-71zTrrkOjas-unsplash-1-scaled.jpg" class="elementor-element elementor-element-3d6f48cb e-con-full e-flex e-con e-parent" data-id="3d6f48cb" data-element_type="container" data-e-type="container" data-settings="{&quot;background_background&quot;:&quot;classic&quot;,&quot;jet_parallax_layout_list&quot;:[]}">
				<div data-dce-title-color="#FFFFFF" class="elementor-element elementor-element-11a549e6 elementor-widget elementor-widget-heading" data-id="11a549e6" data-element_type="widget" data-e-type="widget" data-widget_type="heading.default">
					<h1 class="elementor-heading-title elementor-size-default">Vallée Blanche e sci alpinismo</h1>				</div>
				</div>
		<div class="elementor-element elementor-element-78f3eeb5 e-con-full e-flex e-con e-parent" data-id="78f3eeb5" data-element_type="container" data-e-type="container" data-settings="{&quot;jet_parallax_layout_list&quot;:[]}">
				<div class="elementor-element elementor-element-48979faf elementor-widget elementor-widget-shortcode" data-id="48979faf" data-element_type="widget" data-e-type="widget" data-widget_type="shortcode.default">
							<div class="elementor-shortcode"><nav aria-label="breadcrumbs" class="rank-math-breadcrumb"><p><span class="last">Accueil</span></p></nav></div>
						</div>
				</div>
		<div class="elementor-element elementor-element-21227d24 e-con-full e-flex e-con e-parent" data-id="21227d24" data-element_type="container" data-e-type="container" data-settings="{&quot;jet_parallax_layout_list&quot;:[]}">
		<div class="elementor-element elementor-element-185b77a1 e-con-full e-flex e-con e-child" data-id="185b77a1" data-element_type="container" data-e-type="container" data-settings="{&quot;background_background&quot;:&quot;classic&quot;,&quot;jet_parallax_layout_list&quot;:[]}">
				<div data-dce-title-color="#212028" class="elementor-element elementor-element-4f020659 elementor-widget elementor-widget-heading" data-id="4f020659" data-element_type="widget" data-e-type="widget" data-widget_type="heading.default">
					<h2 class="elementor-heading-title elementor-size-default">Sci alpinismo e Vallée Blanche</h2>				</div>
				<div class="elementor-element elementor-element-6c2c6eb7 elementor-widget elementor-widget-text-editor" data-id="6c2c6eb7" data-element_type="widget" data-e-type="widget" data-widget_type="text-editor.default">
									<p>La Valle di Chamonix-Mont-Blanc è una tappa obbligata per gli appassionati di sci fuori pista, con numerose opportunità per lo sci alpinismo e il freeride.<br />Nella valle sono disponibili percorsi segnalati, in particolare nelle aree di Les Houches, Grands-Montets e Balme. Per un&#8217;esperienza in totale sicurezza, affidatevi a una guida alpina che vi condurrà alla scoperta delle numerose combes e couloirs che questa zona eccezionale ha da offrire.</p>
<p>Godetevi l&#8217;esperienza unica dello sci d&#8217;alta montagna esplorando la Vallée Blanche! Accessibile tramite la funivia dell&#8217;Aiguille du Midi (3842 m), questo percorso sul ghiacciaio è uno dei più spettacolari al mondo. Molto frequentato in primavera, è comunque un&#8217;avventura impegnativa ad alta quota. Una guida professionista e l&#8217;attrezzatura giusta sono indispensabili per godere al meglio di questa leggendaria escursione.</p>
								</div>
		<div class="elementor-element elementor-element-4ff93e18 e-con-full e-flex e-con e-child" data-id="4ff93e18" data-element_type="container" data-e-type="container" data-settings="{&quot;jet_parallax_layout_list&quot;:[]}">
		<div class="elementor-element elementor-element-32d190d e-con-full e-flex e-con e-child" data-id="32d190d" data-element_type="container" data-e-type="container" data-settings="{&quot;jet_parallax_layout_list&quot;:[]}">
				<div data-dce-title-color="#000000" class="elementor-element elementor-element-20ac526f elementor-widget elementor-widget-heading" data-id="20ac526f" data-element_type="widget" data-e-type="widget" data-widget_type="heading.default">
					<h2 class="elementor-heading-title elementor-size-default">Informazioni sulla sicurezza</h2>				</div>
				<div class="elementor-element elementor-element-1ca6568 elementor-widget elementor-widget-text-editor" data-id="1ca6568" data-element_type="widget" data-e-type="widget" data-widget_type="text-editor.default">
									<p>La Vallée Blanche è un percorso di alta montagna su un terreno glaciale costellato di crepacci, seracchi e ponti di neve di varia forza. Questo tipo di percorso richiede una solida conoscenza dell&#8217;ambiente montano o, in mancanza, la supervisione di una guida esperta.</p>
<p>Per la propria sicurezza, è indispensabile avere l&#8217;attrezzatura giusta: un apparecchio di ricerca in valanga (ARVA), una pala, una sonda, un&#8217;imbracatura, i ramponi (particolarmente utili per la cresta)&#8230; E soprattutto, mai partire da soli!</p>
								</div>
				<div class="elementor-element elementor-element-519598c5 elementor-widget elementor-widget-button" data-id="519598c5" data-element_type="widget" data-e-type="widget" data-widget_type="button.default">
										<a class="elementor-button elementor-button-link elementor-size-sm" href="https://www.chamoniarde.com/vos-activites/vallee-blanche" target="_blank" rel="noopener">
						<span class="elementor-button-content-wrapper">
									<span class="elementor-button-text">Per saperne di più</span>
					</span>
					</a>
								</div>
				</div>
		<div class="elementor-element elementor-element-5738e2f3 e-con-full e-flex e-con e-child" data-id="5738e2f3" data-element_type="container" data-e-type="container" data-settings="{&quot;background_background&quot;:&quot;slideshow&quot;,&quot;background_slideshow_gallery&quot;:[{&quot;id&quot;:2776,&quot;url&quot;:&quot;https:\/\/fontaine-chamonix.com\/wp-content\/uploads\/2020\/11\/aiguille-du-midi.jpg&quot;}],&quot;background_slideshow_slide_duration&quot;:2000,&quot;jet_parallax_layout_list&quot;:[],&quot;background_slideshow_loop&quot;:&quot;yes&quot;,&quot;background_slideshow_slide_transition&quot;:&quot;fade&quot;,&quot;background_slideshow_transition_duration&quot;:500}">
				</div>
				</div>
		<div class="elementor-element elementor-element-1c91245 e-con-full e-flex e-con e-child" data-id="1c91245" data-element_type="container" data-e-type="container" data-settings="{&quot;jet_parallax_layout_list&quot;:[]}">
		<div class="elementor-element elementor-element-0d8f439 e-con-full e-flex e-con e-child" data-id="0d8f439" data-element_type="container" data-e-type="container" data-settings="{&quot;background_background&quot;:&quot;slideshow&quot;,&quot;background_slideshow_gallery&quot;:[{&quot;id&quot;:9794,&quot;url&quot;:&quot;https:\/\/fontaine-chamonix.com\/wp-content\/uploads\/2025\/07\/krzysztof-kowalik-71zTrrkOjas-unsplash-1-scaled.jpg&quot;}],&quot;background_slideshow_slide_duration&quot;:2000,&quot;jet_parallax_layout_list&quot;:[],&quot;background_slideshow_loop&quot;:&quot;yes&quot;,&quot;background_slideshow_slide_transition&quot;:&quot;fade&quot;,&quot;background_slideshow_transition_duration&quot;:500}">
				</div>
		<div class="elementor-element elementor-element-8c1f1b3 e-con-full e-flex e-con e-child" data-id="8c1f1b3" data-element_type="container" data-e-type="container" data-settings="{&quot;jet_parallax_layout_list&quot;:[]}">
				<div data-dce-title-color="#000000" class="elementor-element elementor-element-9ac4323 elementor-widget elementor-widget-heading" data-id="9ac4323" data-element_type="widget" data-e-type="widget" data-widget_type="heading.default">
					<h2 class="elementor-heading-title elementor-size-default">Prenotazione</h2>				</div>
				<div class="elementor-element elementor-element-e5842be elementor-widget elementor-widget-text-editor" data-id="e5842be" data-element_type="widget" data-e-type="widget" data-widget_type="text-editor.default">
									<p>Prenotate la vostra Vallée Blanche e le vostre uscite di sci alpinismo con la supervisione di un professionista della montagna presso il nostro ufficio prenotazioni centrale!</p>
								</div>
				<div class="elementor-element elementor-element-21d052b elementor-widget elementor-widget-button" data-id="21d052b" data-element_type="widget" data-e-type="widget" data-widget_type="button.default">
										<a class="elementor-button elementor-button-link elementor-size-sm" href="https://booking.chamonix.com/serpActivity?type=new_act&#038;lang=fr_FR&#038;s_st=base_price&#038;ref_c.thematique_activity=skiing" target="_blank" rel="noopener">
						<span class="elementor-button-content-wrapper">
									<span class="elementor-button-text">Prenota online</span>
					</span>
					</a>
								</div>
				</div>
				</div>
				<div class="elementor-element elementor-element-a4c7078 elementor-widget elementor-widget-spacer" data-id="a4c7078" data-element_type="widget" data-e-type="widget" data-widget_type="spacer.default">
							<div class="elementor-spacer">
			<div class="elementor-spacer-inner"></div>
		</div>
						</div>
				<div class="elementor-element elementor-element-beca0fe dce_masking-none elementor-widget elementor-widget-video" data-id="beca0fe" data-element_type="widget" data-e-type="widget" data-settings="{&quot;youtube_url&quot;:&quot;https:\/\/youtu.be\/BONv_3ggjhA&quot;,&quot;video_type&quot;:&quot;youtube&quot;,&quot;controls&quot;:&quot;yes&quot;}" data-widget_type="video.default">
							<div class="elementor-wrapper elementor-open-inline">
			<div class="elementor-video"></div>		</div>
						</div>
				<div class="elementor-element elementor-element-16270ff7 elementor-widget elementor-widget-spacer" data-id="16270ff7" data-element_type="widget" data-e-type="widget" data-widget_type="spacer.default">
							<div class="elementor-spacer">
			<div class="elementor-spacer-inner"></div>
		</div>
						</div>
				</div>
				</div>
		<div class="elementor-element elementor-element-1aed9cf1 e-con-full e-flex e-con e-parent" data-id="1aed9cf1" data-element_type="container" data-e-type="container" data-settings="{&quot;jet_parallax_layout_list&quot;:[]}">
				<div class="elementor-element elementor-element-1bf32125 elementor-widget elementor-widget-shortcode" data-id="1bf32125" data-element_type="widget" data-e-type="widget" data-widget_type="shortcode.default">
							<div class="elementor-shortcode"><nav aria-label="breadcrumbs" class="rank-math-breadcrumb"><p><span class="last">Accueil</span></p></nav></div>
						</div>
				</div>
				</div>

<p>Vallée Blanche e sci alpinismo Sci alpinismo e Vallée Blanche La Valle di Chamonix-Mont-Blanc è una tappa obbligata per gli appassionati di sci fuori pista, con numerose opportunità per lo sci alpinismo e il freeride.Nella valle sono disponibili percorsi segnalati, in particolare nelle aree di Les Houches, Grands-Montets e Balme. Per un&#8217;esperienza in totale sicurezza, [&hellip;]</p>
