{"id":8494,"date":"2024-12-06T13:54:04","date_gmt":"2024-12-06T12:54:04","guid":{"rendered":"https:\/\/fontaine-chamonix.com\/nach-chamonix-und-darueber-hinaus\/wanderungen-und-treks\/"},"modified":"2026-03-30T21:19:04","modified_gmt":"2026-03-30T19:19:04","slug":"wanderungen-und-treks","status":"publish","type":"page","link":"https:\/\/fontaine-chamonix.com\/de\/nach-chamonix-und-darueber-hinaus\/wanderungen-und-treks\/","title":{"rendered":"Wanderungen und Treks"},"content":{"rendered":"\t\t<div data-elementor-type=\"wp-page\" data-elementor-id=\"8494\" class=\"elementor elementor-8494 elementor-4364\" data-elementor-post-type=\"page\">\n\t\t\t\t<div data-dce-background-image-url=\"https:\/\/fontaine-chamonix.com\/wp-content\/uploads\/2024\/12\/randonnees-et-trek.jpg\" class=\"elementor-element elementor-element-58b40be e-con-full e-flex e-con e-parent\" data-id=\"58b40be\" data-element_type=\"container\" data-e-type=\"container\" data-settings=\"{&quot;background_background&quot;:&quot;classic&quot;,&quot;jet_parallax_layout_list&quot;:[]}\">\n\t\t\t\t<div data-dce-title-color=\"#FFFFFF\" class=\"elementor-element elementor-element-83763db elementor-widget elementor-widget-heading\" data-id=\"83763db\" data-element_type=\"widget\" data-e-type=\"widget\" data-widget_type=\"heading.default\">\n\t\t\t\t\t<h1 class=\"elementor-heading-title elementor-size-default\">Wandern und Trekking<\/h1>\t\t\t\t<\/div>\n\t\t\t\t<\/div>\n\t\t<div class=\"elementor-element elementor-element-b413f7f e-con-full e-flex e-con e-parent\" data-id=\"b413f7f\" data-element_type=\"container\" data-e-type=\"container\" data-settings=\"{&quot;jet_parallax_layout_list&quot;:[]}\">\n\t\t\t\t<div class=\"elementor-element elementor-element-112db77 elementor-widget elementor-widget-shortcode\" data-id=\"112db77\" data-element_type=\"widget\" data-e-type=\"widget\" data-widget_type=\"shortcode.default\">\n\t\t\t\t\t\t\t<div class=\"elementor-shortcode\"><nav aria-label=\"breadcrumbs\" class=\"rank-math-breadcrumb\"><p><span class=\"last\">Accueil<\/span><\/p><\/nav><\/div>\n\t\t\t\t\t\t<\/div>\n\t\t\t\t<\/div>\n\t\t<div class=\"elementor-element elementor-element-0658513 e-con-full e-flex e-con e-parent\" data-id=\"0658513\" data-element_type=\"container\" data-e-type=\"container\" data-settings=\"{&quot;jet_parallax_layout_list&quot;:[]}\">\n\t\t<div class=\"elementor-element elementor-element-54a306b e-con-full e-flex e-con e-child\" data-id=\"54a306b\" data-element_type=\"container\" data-e-type=\"container\" data-settings=\"{&quot;background_background&quot;:&quot;classic&quot;,&quot;jet_parallax_layout_list&quot;:[]}\">\n\t\t\t\t<div data-dce-title-color=\"#212028\" class=\"elementor-element elementor-element-931ec3a elementor-widget elementor-widget-heading\" data-id=\"931ec3a\" data-element_type=\"widget\" data-e-type=\"widget\" data-widget_type=\"heading.default\">\n\t\t\t\t\t<h2 class=\"elementor-heading-title elementor-size-default\">Entdecken Sie die besten Wanderwege und Routen<\/h2>\t\t\t\t<\/div>\n\t\t\t\t<div class=\"elementor-element elementor-element-a58039e elementor-widget elementor-widget-text-editor\" data-id=\"a58039e\" data-element_type=\"widget\" data-e-type=\"widget\" data-widget_type=\"text-editor.default\">\n\t\t\t\t\t\t\t\t\t<p>Im Tal von Chamonix-Mont-Blanc zu wandern bedeutet, einen einzigartigen Ort zu entdecken, an dem die Berge und die Gletscher der Alpen aufeinandertreffen. Ein perfekter Ort, um inmitten legend\u00e4rer Gipfel neue Energie zu tanken. Erleben Sie das ganze Jahr \u00fcber unvergessliche Momente, weit weg vom Alltag. Ob zu Fu\u00df, mit Schneeschuhen oder auf Tourenski &#8211; jede Jahreszeit bietet ihre eigenen Farben und Eindr\u00fccke. Ob sportlich oder kontemplativ, die Wanderwege im Tal von Chamonix-Mont-Blanc werden Sie begeistern.<\/p>\n\t\t\t\t\t\t\t\t<\/div>\n\t\t\t\t<div class=\"elementor-element elementor-element-07ac58a elementor-align-center elementor-widget elementor-widget-button\" data-id=\"07ac58a\" data-element_type=\"widget\" data-e-type=\"widget\" data-widget_type=\"button.default\">\n\t\t\t\t\t\t\t\t\t\t<a class=\"elementor-button elementor-button-link elementor-size-sm\" href=\"https:\/\/www.chamonix.com\/activites\/randonnees\/itineraires-de-randonnees\" target=\"_blank\" rel=\"noopener\">\n\t\t\t\t\t\t<span class=\"elementor-button-content-wrapper\">\n\t\t\t\t\t\t\t\t\t<span class=\"elementor-button-text\">Wanderrouten Vall\u00e9e de Chamonix<\/span>\n\t\t\t\t\t<\/span>\n\t\t\t\t\t<\/a>\n\t\t\t\t\t\t\t\t<\/div>\n\t\t\t\t<div class=\"elementor-element elementor-element-b05ddf5 elementor-widget elementor-widget-spacer\" data-id=\"b05ddf5\" data-element_type=\"widget\" data-e-type=\"widget\" data-widget_type=\"spacer.default\">\n\t\t\t\t\t\t\t<div class=\"elementor-spacer\">\n\t\t\t<div class=\"elementor-spacer-inner\"><\/div>\n\t\t<\/div>\n\t\t\t\t\t\t<\/div>\n\t\t<div class=\"elementor-element elementor-element-1b302cd e-con-full e-flex e-con e-child\" data-id=\"1b302cd\" data-element_type=\"container\" data-e-type=\"container\" data-settings=\"{&quot;jet_parallax_layout_list&quot;:[]}\">\n\t\t<div class=\"elementor-element elementor-element-8323338 e-con-full e-flex e-con e-child\" data-id=\"8323338\" data-element_type=\"container\" data-e-type=\"container\" data-settings=\"{&quot;jet_parallax_layout_list&quot;:[]}\">\n\t\t\t\t<div data-dce-title-color=\"#000000\" class=\"elementor-element elementor-element-532e069 elementor-widget elementor-widget-heading\" data-id=\"532e069\" data-element_type=\"widget\" data-e-type=\"widget\" data-widget_type=\"heading.default\">\n\t\t\t\t\t<h2 class=\"elementor-heading-title elementor-size-default\">Vor allen Ausfl\u00fcgen ins Mittel- und Hochgebirge :<\/h2>\t\t\t\t<\/div>\n\t\t\t\t<div class=\"elementor-element elementor-element-c50c563 elementor-widget elementor-widget-text-editor\" data-id=\"c50c563\" data-element_type=\"widget\" data-e-type=\"widget\" data-widget_type=\"text-editor.default\">\n\t\t\t\t\t\t\t\t\t<p data-start=\"0\" data-end=\"152\">Pr\u00fcfen Sie die Bergbedingungen beim <a href=\"#\" rel=\"noopener\" data-start=\"36\" data-end=\"69\"><strong data-start=\"37\" data-end=\"65\">Office de Haute Montagne<\/strong><\/a> sowie die aktuellen Gemeindeverordnungen und das <a href=\"#\" rel=\"noopener\" data-start=\"119\" data-end=\"140\"><strong data-start=\"120\" data-end=\"136\">M\u00e9t\u00e9o France<\/strong><\/a> Bulletin.<\/p>\n<p><\/p>\n<p data-start=\"154\" data-end=\"283\">Um die Natur noch lange zu genie\u00dfen und zu bewundern: Machen Sie sich mit den richtigen Verhaltensweisen beim Wandern vertraut.<\/p>\n<p><\/p>\n<p data-start=\"285\" data-end=\"364\" data-is-last-node=\"\">Au\u00dferdem sind einige Wege derzeit gesperrt: <a href=\"#\" rel=\"noopener\" data-start=\"329\" data-end=\"363\"><strong data-start=\"330\" data-end=\"359\">Hinweise zu Wegsperrungen<\/strong><\/a>.<\/p>\n\t\t\t\t\t\t\t\t<\/div>\n\t\t\t\t<\/div>\n\t\t<div class=\"elementor-element elementor-element-5d11d32 e-con-full e-flex e-con e-child\" data-id=\"5d11d32\" data-element_type=\"container\" data-e-type=\"container\" data-settings=\"{&quot;background_background&quot;:&quot;slideshow&quot;,&quot;background_slideshow_gallery&quot;:[{&quot;id&quot;:12965,&quot;url&quot;:&quot;https:\\\/\\\/fontaine-chamonix.com\\\/wp-content\\\/uploads\\\/2026\\\/03\\\/louis-paulin-gvT6d_Fe2gM-unsplash-1-scaled.jpg&quot;}],&quot;background_slideshow_slide_duration&quot;:2000,&quot;jet_parallax_layout_list&quot;:[],&quot;background_slideshow_loop&quot;:&quot;yes&quot;,&quot;background_slideshow_slide_transition&quot;:&quot;fade&quot;,&quot;background_slideshow_transition_duration&quot;:500}\">\n\t\t\t\t<\/div>\n\t\t\t\t<\/div>\n\t\t<div class=\"elementor-element elementor-element-6157b3d e-con-full e-flex e-con e-child\" data-id=\"6157b3d\" data-element_type=\"container\" data-e-type=\"container\" data-settings=\"{&quot;jet_parallax_layout_list&quot;:[]}\">\n\t\t<div class=\"elementor-element elementor-element-1a489c9 e-con-full e-flex e-con e-child\" data-id=\"1a489c9\" data-element_type=\"container\" data-e-type=\"container\" data-settings=\"{&quot;background_background&quot;:&quot;slideshow&quot;,&quot;background_slideshow_gallery&quot;:[{&quot;id&quot;:6068,&quot;url&quot;:&quot;https:\\\/\\\/fontaine-chamonix.com\\\/wp-content\\\/uploads\\\/2024\\\/12\\\/harry-burk-ngzehCvVYdY-unsplash-1-scaled.jpg&quot;}],&quot;background_slideshow_slide_duration&quot;:2000,&quot;jet_parallax_layout_list&quot;:[],&quot;background_slideshow_loop&quot;:&quot;yes&quot;,&quot;background_slideshow_slide_transition&quot;:&quot;fade&quot;,&quot;background_slideshow_transition_duration&quot;:500}\">\n\t\t\t\t<\/div>\n\t\t<div class=\"elementor-element elementor-element-c7b87e9 e-con-full e-flex e-con e-child\" data-id=\"c7b87e9\" data-element_type=\"container\" data-e-type=\"container\" data-settings=\"{&quot;jet_parallax_layout_list&quot;:[]}\">\n\t\t\t\t<div data-dce-title-color=\"#000000\" class=\"elementor-element elementor-element-f20db4a elementor-widget elementor-widget-heading\" data-id=\"f20db4a\" data-element_type=\"widget\" data-e-type=\"widget\" data-widget_type=\"heading.default\">\n\t\t\t\t\t<h2 class=\"elementor-heading-title elementor-size-default\">Die richtigen Gesten in den Bergen<\/h2>\t\t\t\t<\/div>\n\t\t\t\t<div class=\"elementor-element elementor-element-a406872 elementor-widget elementor-widget-text-editor\" data-id=\"a406872\" data-element_type=\"widget\" data-e-type=\"widget\" data-widget_type=\"text-editor.default\">\n\t\t\t\t\t\t\t\t\t<p>Wir bewegen uns in einer empfindlichen nat\u00fcrlichen Umgebung, die eine au\u00dfergew\u00f6hnliche Flora und Fauna beherbergt. Um diese R\u00e4ume zu sch\u00fctzen und die Auswirkungen unserer Besuche zu begrenzen, sind hier einige gute Praktiken, die Sie anwenden k\u00f6nnen:<\/p>\n\t\t\t\t\t\t\t\t<\/div>\n\t\t\t\t<div class=\"elementor-element elementor-element-f1f4c51 elementor-widget elementor-widget-button\" data-id=\"f1f4c51\" data-element_type=\"widget\" data-e-type=\"widget\" data-widget_type=\"button.default\">\n\t\t\t\t\t\t\t\t\t\t<a class=\"elementor-button elementor-button-link elementor-size-sm\" href=\"https:\/\/www.chamonix.com\/la-vallee\/destination-montagne-durable\" target=\"_blank\" rel=\"noopener\">\n\t\t\t\t\t\t<span class=\"elementor-button-content-wrapper\">\n\t\t\t\t\t\t\t\t\t<span class=\"elementor-button-text\">Destination Nachhaltige Berge<\/span>\n\t\t\t\t\t<\/span>\n\t\t\t\t\t<\/a>\n\t\t\t\t\t\t\t\t<\/div>\n\t\t\t\t<\/div>\n\t\t\t\t<\/div>\n\t\t\t\t<\/div>\n\t\t\t\t<\/div>\n\t\t\t\t<\/div>\n\t\t","protected":false},"excerpt":{"rendered":"<p>Wandern und Trekking Entdecken Sie die besten Wanderwege und Routen Im Tal von Chamonix-Mont-Blanc zu wandern bedeutet, einen einzigartigen Ort zu entdecken, an dem die Berge und die Gletscher der Alpen aufeinandertreffen. Ein perfekter Ort, um inmitten legend\u00e4rer Gipfel neue Energie zu tanken. Erleben Sie das ganze Jahr \u00fcber unvergessliche Momente, weit weg vom Alltag. [&hellip;]<\/p>\n","protected":false},"author":3,"featured_media":4361,"parent":8446,"menu_order":0,"comment_status":"closed","ping_status":"closed","template":"elementor_header_footer","meta":{"footnotes":""},"class_list":["post-8494","page","type-page","status-publish","has-post-thumbnail","hentry"],"jetpack_sharing_enabled":true,"_links":{"self":[{"href":"https:\/\/fontaine-chamonix.com\/de\/wp-json\/wp\/v2\/pages\/8494","targetHints":{"allow":["GET"]}}],"collection":[{"href":"https:\/\/fontaine-chamonix.com\/de\/wp-json\/wp\/v2\/pages"}],"about":[{"href":"https:\/\/fontaine-chamonix.com\/de\/wp-json\/wp\/v2\/types\/page"}],"author":[{"embeddable":true,"href":"https:\/\/fontaine-chamonix.com\/de\/wp-json\/wp\/v2\/users\/3"}],"replies":[{"embeddable":true,"href":"https:\/\/fontaine-chamonix.com\/de\/wp-json\/wp\/v2\/comments?post=8494"}],"version-history":[{"count":5,"href":"https:\/\/fontaine-chamonix.com\/de\/wp-json\/wp\/v2\/pages\/8494\/revisions"}],"predecessor-version":[{"id":12972,"href":"https:\/\/fontaine-chamonix.com\/de\/wp-json\/wp\/v2\/pages\/8494\/revisions\/12972"}],"up":[{"embeddable":true,"href":"https:\/\/fontaine-chamonix.com\/de\/wp-json\/wp\/v2\/pages\/8446"}],"wp:featuredmedia":[{"embeddable":true,"href":"https:\/\/fontaine-chamonix.com\/de\/wp-json\/wp\/v2\/media\/4361"}],"wp:attachment":[{"href":"https:\/\/fontaine-chamonix.com\/de\/wp-json\/wp\/v2\/media?parent=8494"}],"curies":[{"name":"wp","href":"https:\/\/api.w.org\/{rel}","templated":true}]}}

<div data-elementor-type="wp-page" data-elementor-id="8494" class="elementor elementor-8494 elementor-4364" data-elementor-post-type="page">
				<div data-dce-background-image-url="https://fontaine-chamonix.com/wp-content/uploads/2024/12/randonnees-et-trek.jpg" class="elementor-element elementor-element-58b40be e-con-full e-flex e-con e-parent" data-id="58b40be" data-element_type="container" data-e-type="container" data-settings="{&quot;background_background&quot;:&quot;classic&quot;,&quot;jet_parallax_layout_list&quot;:[]}">
				<div data-dce-title-color="#FFFFFF" class="elementor-element elementor-element-83763db elementor-widget elementor-widget-heading" data-id="83763db" data-element_type="widget" data-e-type="widget" data-widget_type="heading.default">
					<h1 class="elementor-heading-title elementor-size-default">Wandern und Trekking</h1>				</div>
				</div>
		<div class="elementor-element elementor-element-b413f7f e-con-full e-flex e-con e-parent" data-id="b413f7f" data-element_type="container" data-e-type="container" data-settings="{&quot;jet_parallax_layout_list&quot;:[]}">
				<div class="elementor-element elementor-element-112db77 elementor-widget elementor-widget-shortcode" data-id="112db77" data-element_type="widget" data-e-type="widget" data-widget_type="shortcode.default">
							<div class="elementor-shortcode"><nav aria-label="breadcrumbs" class="rank-math-breadcrumb"><p><span class="last">Accueil</span></p></nav></div>
						</div>
				</div>
		<div class="elementor-element elementor-element-0658513 e-con-full e-flex e-con e-parent" data-id="0658513" data-element_type="container" data-e-type="container" data-settings="{&quot;jet_parallax_layout_list&quot;:[]}">
		<div class="elementor-element elementor-element-54a306b e-con-full e-flex e-con e-child" data-id="54a306b" data-element_type="container" data-e-type="container" data-settings="{&quot;background_background&quot;:&quot;classic&quot;,&quot;jet_parallax_layout_list&quot;:[]}">
				<div data-dce-title-color="#212028" class="elementor-element elementor-element-931ec3a elementor-widget elementor-widget-heading" data-id="931ec3a" data-element_type="widget" data-e-type="widget" data-widget_type="heading.default">
					<h2 class="elementor-heading-title elementor-size-default">Entdecken Sie die besten Wanderwege und Routen</h2>				</div>
				<div class="elementor-element elementor-element-a58039e elementor-widget elementor-widget-text-editor" data-id="a58039e" data-element_type="widget" data-e-type="widget" data-widget_type="text-editor.default">
									<p>Im Tal von Chamonix-Mont-Blanc zu wandern bedeutet, einen einzigartigen Ort zu entdecken, an dem die Berge und die Gletscher der Alpen aufeinandertreffen. Ein perfekter Ort, um inmitten legendärer Gipfel neue Energie zu tanken. Erleben Sie das ganze Jahr über unvergessliche Momente, weit weg vom Alltag. Ob zu Fuß, mit Schneeschuhen oder auf Tourenski &#8211; jede Jahreszeit bietet ihre eigenen Farben und Eindrücke. Ob sportlich oder kontemplativ, die Wanderwege im Tal von Chamonix-Mont-Blanc werden Sie begeistern.</p>
								</div>
				<div class="elementor-element elementor-element-07ac58a elementor-align-center elementor-widget elementor-widget-button" data-id="07ac58a" data-element_type="widget" data-e-type="widget" data-widget_type="button.default">
										<a class="elementor-button elementor-button-link elementor-size-sm" href="https://www.chamonix.com/activites/randonnees/itineraires-de-randonnees" target="_blank" rel="noopener">
						<span class="elementor-button-content-wrapper">
									<span class="elementor-button-text">Wanderrouten Vallée de Chamonix</span>
					</span>
					</a>
								</div>
				<div class="elementor-element elementor-element-b05ddf5 elementor-widget elementor-widget-spacer" data-id="b05ddf5" data-element_type="widget" data-e-type="widget" data-widget_type="spacer.default">
							<div class="elementor-spacer">
			<div class="elementor-spacer-inner"></div>
		</div>
						</div>
		<div class="elementor-element elementor-element-1b302cd e-con-full e-flex e-con e-child" data-id="1b302cd" data-element_type="container" data-e-type="container" data-settings="{&quot;jet_parallax_layout_list&quot;:[]}">
		<div class="elementor-element elementor-element-8323338 e-con-full e-flex e-con e-child" data-id="8323338" data-element_type="container" data-e-type="container" data-settings="{&quot;jet_parallax_layout_list&quot;:[]}">
				<div data-dce-title-color="#000000" class="elementor-element elementor-element-532e069 elementor-widget elementor-widget-heading" data-id="532e069" data-element_type="widget" data-e-type="widget" data-widget_type="heading.default">
					<h2 class="elementor-heading-title elementor-size-default">Vor allen Ausflügen ins Mittel- und Hochgebirge :</h2>				</div>
				<div class="elementor-element elementor-element-c50c563 elementor-widget elementor-widget-text-editor" data-id="c50c563" data-element_type="widget" data-e-type="widget" data-widget_type="text-editor.default">
									<p data-start="0" data-end="152">Prüfen Sie die Bergbedingungen beim <a href="#" rel="noopener" data-start="36" data-end="69"><strong data-start="37" data-end="65">Office de Haute Montagne</strong></a> sowie die aktuellen Gemeindeverordnungen und das <a href="#" rel="noopener" data-start="119" data-end="140"><strong data-start="120" data-end="136">Météo France</strong></a> Bulletin.</p>
<p></p>
<p data-start="154" data-end="283">Um die Natur noch lange zu genießen und zu bewundern: Machen Sie sich mit den richtigen Verhaltensweisen beim Wandern vertraut.</p>
<p></p>
<p data-start="285" data-end="364" data-is-last-node="">Außerdem sind einige Wege derzeit gesperrt: <a href="#" rel="noopener" data-start="329" data-end="363"><strong data-start="330" data-end="359">Hinweise zu Wegsperrungen</strong></a>.</p>
								</div>
				</div>
		<div class="elementor-element elementor-element-5d11d32 e-con-full e-flex e-con e-child" data-id="5d11d32" data-element_type="container" data-e-type="container" data-settings="{&quot;background_background&quot;:&quot;slideshow&quot;,&quot;background_slideshow_gallery&quot;:[{&quot;id&quot;:12965,&quot;url&quot;:&quot;https:\/\/fontaine-chamonix.com\/wp-content\/uploads\/2026\/03\/louis-paulin-gvT6d_Fe2gM-unsplash-1-scaled.jpg&quot;}],&quot;background_slideshow_slide_duration&quot;:2000,&quot;jet_parallax_layout_list&quot;:[],&quot;background_slideshow_loop&quot;:&quot;yes&quot;,&quot;background_slideshow_slide_transition&quot;:&quot;fade&quot;,&quot;background_slideshow_transition_duration&quot;:500}">
				</div>
				</div>
		<div class="elementor-element elementor-element-6157b3d e-con-full e-flex e-con e-child" data-id="6157b3d" data-element_type="container" data-e-type="container" data-settings="{&quot;jet_parallax_layout_list&quot;:[]}">
		<div class="elementor-element elementor-element-1a489c9 e-con-full e-flex e-con e-child" data-id="1a489c9" data-element_type="container" data-e-type="container" data-settings="{&quot;background_background&quot;:&quot;slideshow&quot;,&quot;background_slideshow_gallery&quot;:[{&quot;id&quot;:6068,&quot;url&quot;:&quot;https:\/\/fontaine-chamonix.com\/wp-content\/uploads\/2024\/12\/harry-burk-ngzehCvVYdY-unsplash-1-scaled.jpg&quot;}],&quot;background_slideshow_slide_duration&quot;:2000,&quot;jet_parallax_layout_list&quot;:[],&quot;background_slideshow_loop&quot;:&quot;yes&quot;,&quot;background_slideshow_slide_transition&quot;:&quot;fade&quot;,&quot;background_slideshow_transition_duration&quot;:500}">
				</div>
		<div class="elementor-element elementor-element-c7b87e9 e-con-full e-flex e-con e-child" data-id="c7b87e9" data-element_type="container" data-e-type="container" data-settings="{&quot;jet_parallax_layout_list&quot;:[]}">
				<div data-dce-title-color="#000000" class="elementor-element elementor-element-f20db4a elementor-widget elementor-widget-heading" data-id="f20db4a" data-element_type="widget" data-e-type="widget" data-widget_type="heading.default">
					<h2 class="elementor-heading-title elementor-size-default">Die richtigen Gesten in den Bergen</h2>				</div>
				<div class="elementor-element elementor-element-a406872 elementor-widget elementor-widget-text-editor" data-id="a406872" data-element_type="widget" data-e-type="widget" data-widget_type="text-editor.default">
									<p>Wir bewegen uns in einer empfindlichen natürlichen Umgebung, die eine außergewöhnliche Flora und Fauna beherbergt. Um diese Räume zu schützen und die Auswirkungen unserer Besuche zu begrenzen, sind hier einige gute Praktiken, die Sie anwenden können:</p>
								</div>
				<div class="elementor-element elementor-element-f1f4c51 elementor-widget elementor-widget-button" data-id="f1f4c51" data-element_type="widget" data-e-type="widget" data-widget_type="button.default">
										<a class="elementor-button elementor-button-link elementor-size-sm" href="https://www.chamonix.com/la-vallee/destination-montagne-durable" target="_blank" rel="noopener">
						<span class="elementor-button-content-wrapper">
									<span class="elementor-button-text">Destination Nachhaltige Berge</span>
					</span>
					</a>
								</div>
				</div>
				</div>
				</div>
				</div>
				</div>

<p>Wandern und Trekking Entdecken Sie die besten Wanderwege und Routen Im Tal von Chamonix-Mont-Blanc zu wandern bedeutet, einen einzigartigen Ort zu entdecken, an dem die Berge und die Gletscher der Alpen aufeinandertreffen. Ein perfekter Ort, um inmitten legendärer Gipfel neue Energie zu tanken. Erleben Sie das ganze Jahr über unvergessliche Momente, weit weg vom Alltag. [&hellip;]</p>
